{"version":"1.0","provider_name":"Pure Souty","provider_url":"https:\/\/puresouty.cafeblog.hu","author_name":"B. Anita","author_url":"https:\/\/puresouty.cafeblog.hu\/author\/b_anita\/","title":"Sz\u00ednezd \u00fajra  \/ Tint it again","html":"<a href=\"https:\/\/puresouty.cafeblog.hu\/files\/2014\/11\/Sz\u00ednezd-\u00fajra2.jpg\"><img class=\"alignnone size-medium wp-image-207\" src=\"https:\/\/puresouty.cafeblog.hu\/files\/2014\/11\/Sz\u00ednezd-\u00fajra2-300x300.jpg\" alt=\"Sz\u00ednezd \u00fajra2\" width=\"300\" height=\"300\" \/><\/a>\n\nTekintve,\u00a0hogy a pasztell sz\u00ednek a kedvenceim, ahogy bek\u00f6sz\u00f6nt\u00f6tt az \u0151sz, r\u00e1kapcsoltam a nat\u00far, barn\u00e1s-fekete \u00e1rnyalatokat tartalmaz\u00f3 sminkekre. Ahogy egyre k\u00f6zelebb \u00e9s k\u00f6zelebb ker\u00fcl\u00fcnk a t\u00e9lhez, fakulnak a sz\u00ednek, \"fakul\" a kedv\u00fcnk is n\u00e9ha sajnos. Na \u00e9pp ez\u00e9rt ma egy abszol\u00fat l\u00e1that\u00f3, egy\u00e1ltal\u00e1n nem nat\u00far, lil\u00e1s \u00e1rnyalatokban pomp\u00e1z\u00f3 sminket hoztam. Ne f\u00e9ljetek mer\u00e9sz sz\u00edneket haszn\u00e1lni \u0151sszel, s\u0151t! Nyugodtan tegyetek fel piros r\u00fazst, vagy ak\u00e1r er\u0151s szemsminket egy halv\u00e1nyabb r\u00fazzsal, l\u00e1ttass\u00e1tok magatokat mindenf\u00e9le feszeng\u00e9s n\u00e9lk\u00fcl. Az \u0151sz nem jelenti azt, hogy rossz kedv\u0171nek kell lenni \u00e9 beolvadni a k\u00f6rnyezetbe, t\u00f6rjetek ki! \/\u00a0<em>Given that the pastel colors are my favorite, as the advent of autumn, for me it was easy to use natural brown and black shades. As we are getting closer and closer to winter, the colors fade, our mood start to fade as well, unfortunately. So that's why I bring you today absolutely not natural, dons in purple shades makeup today. Do not be afraid to use bold colors in the fall, indeed! Feel free to apply your red lipstick, or even strong makeup with a paler lipstick, be visible without any embarrassment. Autumn does not mean that you have to be in a bad mood and to blend into the environment, break it!<\/em>\n\n\u00c9rdekel hogyan tudod megcsin\u00e1lni? N\u00e9zd meg a vide\u00f3t :-) \/ <em>Do you intrested in how to make it? Then watch this video :-)\u00a0<\/em>\n\n[embed]https:\/\/www.youtube.com\/watch?v=fPlsj6kAghg[\/embed]\n\nNE FELEDJ\u00c9TEK ! M\u00c9G VAN EGY KIS ID\u0150 J\u00c1TSZANI \u00c9S NYERNI :-) \/ <em>DO NOT FORGET! YOU STILL HAVE SOME TIME TO PLAY AND WIN :-)<\/em>\n\nKATT A K\u00c9PRE \/<em> CLICK ON THE PICTURE<\/em>\n\n<a href=\"https:\/\/www.facebook.com\/anitabuntamakeup\/photos\/a.825793620785736.1073741829.825524910812607\/849783025053462\/?type=1&amp;theater\"><img class=\"alignnone size-medium wp-image-170\" src=\"https:\/\/puresouty.cafeblog.hu\/files\/2014\/10\/nyeremenyjatek-300x300.jpg\" alt=\"nyeremenyjatek\" width=\"300\" height=\"300\" \/><\/a>","type":"rich","thumbnail_url":"https:\/\/puresouty.cafeblog.hu\/files\/2014\/11\/Sz\u00ednezd-\u00fajra2-150x150.jpg","thumbnail_width":150,"thumbnail_height":150}

Színezd újra  / Tint it again

<a href="https://puresouty.cafeblog.hu/files/2014/11/Színezd-újra2.jpg"><img class="alignnone size-medium wp-image-207" src="https://puresouty.cafeblog.hu/files/2014/11/Színezd-újra2-300x300.jpg" alt="Színezd újra2" width="300" height="300" /></a>

Tekintve, hogy a pasztell színek a kedvenceim, ahogy beköszöntött az ősz, rákapcsoltam a natúr, barnás-fekete árnyalatokat tartalmazó sminkekre. Ahogy egyre közelebb és közelebb kerülünk a télhez, fakulnak a színek, "fakul" a kedvünk is néha sajnos. Na épp ezért ma egy abszolút látható, egyáltalán nem natúr, lilás árnyalatokban pompázó sminket hoztam. Ne féljetek merész színeket használni ősszel, sőt! Nyugodtan tegyetek fel piros rúzst, vagy akár erős szemsminket egy halványabb rúzzsal, láttassátok magatokat mindenféle feszengés nélkül. Az ősz nem jelenti azt, hogy rossz kedvűnek kell lenni é beolvadni a környezetbe, törjetek ki! / <em>Given that the pastel colors are my favorite, as the advent of autumn, for me it was easy to use natural brown and black shades. As we are getting closer and closer to winter, the colors fade, our mood start to fade as well, unfortunately. So that's why I bring you today absolutely not natural, dons in purple shades makeup today. Do not be afraid to use bold colors in the fall, indeed! Feel free to apply your red lipstick, or even strong makeup with a paler lipstick, be visible without any embarrassment. Autumn does not mean that you have to be in a bad mood and to blend into the environment, break it!</em>

Érdekel hogyan tudod megcsinálni? Nézd meg a videót :-) / <em>Do you intrested in how to make it? Then watch this video :-) </em>

[embed]https://www.youtube.com/watch?v=fPlsj6kAghg[/embed]

NE FELEDJÉTEK ! MÉG VAN EGY KIS IDŐ JÁTSZANI ÉS NYERNI :-) / <em>DO NOT FORGET! YOU STILL HAVE SOME TIME TO PLAY AND WIN :-)</em>

KATT A KÉPRE /<em> CLICK ON THE PICTURE</em>

<a href="https://www.facebook.com/anitabuntamakeup/photos/a.825793620785736.1073741829.825524910812607/849783025053462/?type=1&amp;theater"><img class="alignnone size-medium wp-image-170" src="https://puresouty.cafeblog.hu/files/2014/10/nyeremenyjatek-300x300.jpg" alt="nyeremenyjatek" width="300" height="300" /></a>

https://puresouty.cafeblog.hu/files/2014/11/Színezd-újra2-150x150.jpg
